{"id":151,"date":"2018-09-09T14:45:07","date_gmt":"2018-09-09T17:45:07","guid":{"rendered":"http:\/\/santuariodeumbanda.com.br\/site\/?page_id=151"},"modified":"2018-11-14T23:15:08","modified_gmt":"2018-11-15T02:15:08","slug":"abaluaie","status":"publish","type":"page","link":"https:\/\/santuariodeumbanda.com.br\/site\/locais-para-oferendas\/vale-dos-orixas\/abaluaie\/","title":{"rendered":"Abaluai\u00ea"},"content":{"rendered":"<p><a href=\"http:\/\/santuariodeumbanda.com.br\/site\/wp-content\/uploads\/2018\/09\/Abaluai\u00ea-2-Santu\u00e1rio-Nacional-de-Umbanda-FUGABC.jpg\"><img loading=\"lazy\" decoding=\"async\" class=\"alignright size-medium wp-image-1240\" src=\"http:\/\/santuariodeumbanda.com.br\/site\/wp-content\/uploads\/2018\/09\/Abaluai\u00ea-2-Santu\u00e1rio-Nacional-de-Umbanda-FUGABC-225x300.jpg\" alt=\"\" width=\"225\" height=\"300\" srcset=\"https:\/\/santuariodeumbanda.com.br\/site\/wp-content\/uploads\/2018\/09\/Abaluai\u00ea-2-Santu\u00e1rio-Nacional-de-Umbanda-FUGABC-225x300.jpg 225w, https:\/\/santuariodeumbanda.com.br\/site\/wp-content\/uploads\/2018\/09\/Abaluai\u00ea-2-Santu\u00e1rio-Nacional-de-Umbanda-FUGABC.jpg 600w\" sizes=\"(max-width: 225px) 100vw, 225px\" \/><\/a>Abaluai\u00ea, Obalua\u00ea, Omulu ou Xapan\u00e3 s\u00e3o as diversas nomes deste Orix\u00e1 t\u00e3o temido por ser o Orix\u00e1 da morte e da cura. Abaluai\u00ea \u00e9 o respons\u00e1vel por encaminhar as almas ao mundo dos mortes. \u00c9 o Orix\u00e1 que possui o conhecimento e a dom\u00ednio sobre as perdas, as doen\u00e7as e as pestes, sendo o respons\u00e1vel pelas transforma\u00e7\u00f5es.<\/p>\n<p>Na <strong>mitologia Iorub\u00e1<\/strong>, Abaluai\u00ea desobedece sua m\u00e3e e \u00e9 castigado com a var\u00edola. Sua pele se abre de feridas e, por vergonha, ele n\u00e3o quer entrar na festa dos Orix\u00e1s. Ogum, ao perceber sua ang\u00fastia, cobre todo o corpo dele com palha da costa (<em>mari\u00f4<\/em>).<a href=\"http:\/\/santuariodeumbanda.com.br\/site\/locais-para-oferendas\/vale-dos-orixas\/iansa\/\" target=\"_blank\" rel=\"noopener\"> Inha\u00e7\u00e3<\/a> o vendo dan\u00e7ar, sopra uma ventania forte sobre as palhas de Abaluai\u00ea e transforma suas feridas em uma chuva de pipocas, curando-o e compartilhando com ele o poder \u00fanico de abrir e interromper as demandas dos mortos sobre os homens. A beleza de Abaluai\u00ea resplandeceu como um grande sol.<\/p>\n<p>Outra vers\u00e3o conta que ele j\u00e1 nascera doente e sua m\u00e3e <a href=\"http:\/\/santuariodeumbanda.com.br\/site\/locais-para-oferendas\/vale-dos-orixas\/nana-buruque\/\" target=\"_blank\" rel=\"noopener\">Nan\u00e3 Buruqu\u00ea<\/a> o abandona numa gruta perto da praia. Ela teria sido adotado por <a href=\"http:\/\/santuariodeumbanda.com.br\/site\/locais-para-oferendas\/vale-dos-orixas\/iemanja\/\" target=\"_blank\" rel=\"noopener\">Iemanj\u00e1<\/a> que cura suas feridas. Mas, ele tinha muita vergonha das marcas na pele que a doen\u00e7a deixou e por isso andava curvo e cabisbaixo, com o corpo coberto de <em>mari\u00f4<\/em> para n\u00e3o mostrar as cicatrizes.<\/p>\n<p>Por isso, a imagem do Orix\u00e1 \u00e9 um homem que n\u00e3o mostra o rosto, curvo e geralmente esconde-se embaixo de um pano quando incorpora nos templos. O principal ritual que se faz para Abaluai\u00ea \u00e9 o banho de pipoca, invocando-o para a cura dos doentes.<\/p>\n<p>No<strong> sincretismo religioso<\/strong>, Abaluai\u00ea representa S\u00e3o L\u00e1zaro, seguidor fiel e amigo pessoal de Jesus. Sua integridade e religiosidade era respeitado pela comunidade hebraica. L\u00e1zaro morreu de lepra e foi ressuscitado quatro dias depois por Jesus, sendo considerado &#8220;aquele que retornou do mundo dos mortos&#8221;. A imagem dele sempre aparece com um cachorro que lambia suas feridas, por isso \u00e9 considerado tamb\u00e9m o protetor dos animais. Pode ser sincretizado tamb\u00e9m com S\u00e3o Roque e S\u00e3o Bento.<\/p>\n<p>&nbsp;<\/p>\n<h3><a href=\"http:\/\/santuariodeumbanda.com.br\/site\/wp-content\/uploads\/2018\/09\/Abaluai\u00ea-Santu\u00e1rio-Nacional-de-Umbanda-FUGABC.jpg\"><img loading=\"lazy\" decoding=\"async\" class=\"size-medium wp-image-1197 alignleft\" src=\"http:\/\/santuariodeumbanda.com.br\/site\/wp-content\/uploads\/2018\/09\/Abaluai\u00ea-Santu\u00e1rio-Nacional-de-Umbanda-FUGABC-225x300.jpg\" alt=\"\" width=\"225\" height=\"300\" srcset=\"https:\/\/santuariodeumbanda.com.br\/site\/wp-content\/uploads\/2018\/09\/Abaluai\u00ea-Santu\u00e1rio-Nacional-de-Umbanda-FUGABC-225x300.jpg 225w, https:\/\/santuariodeumbanda.com.br\/site\/wp-content\/uploads\/2018\/09\/Abaluai\u00ea-Santu\u00e1rio-Nacional-de-Umbanda-FUGABC.jpg 600w\" sizes=\"(max-width: 225px) 100vw, 225px\" \/><\/a>Oferendas e Sauda\u00e7\u00e3o<\/h3>\n<p>A cor de Abaluai\u00ea \u00e9 o preto e a vela utilizada \u00e9 branco e preto. O dia da semana \u00e9 segunda-feira. \u00c9 homenageado no dia 02 de novembro &#8211; Dia dos Finados e tamb\u00e9m 17 de dezembro &#8211; Dia de S\u00e3o L\u00e1zaro, pela Igreja Cat\u00f3lica.<\/p>\n<p>A sauda\u00e7\u00e3o utilizada \u00e9 <strong>&#8220;Atot\u00f4 Abaluai\u00ea&#8221;<\/strong> e seu campo de for\u00e7a \u00e9 o cemit\u00e9rio (<em>calunga pequena<\/em>). Por isso, seus trabalhos geralmente s\u00e3o entregues nos cemit\u00e9rios. Ele carrega na m\u00e3o seu instrumento, o Xaxar\u00e1, para afastar os esp\u00edritos dos mortos (<em>eguns)<\/em>.<\/p>\n<p>Suas oferendas s\u00e3o pipocas estouradas com areia da praia ou azeite de dend\u00ea e coco e s\u00e3o entregues em um alguidar de barro. Sua energia est\u00e1 relacionada com o elemento terra.<\/p>\n","protected":false},"excerpt":{"rendered":"<p>Abaluai\u00ea, Obalua\u00ea, Omulu ou Xapan\u00e3 s\u00e3o as diversas nomes deste Orix\u00e1 t\u00e3o temido por ser o Orix\u00e1 da morte e da cura. Abaluai\u00ea \u00e9 o respons\u00e1vel por encaminhar as almas ao mundo dos mortes. \u00c9 o Orix\u00e1 que possui o conhecimento e a dom\u00ednio sobre as perdas, as doen\u00e7as e as pestes, sendo o respons\u00e1vel [&hellip;]<\/p>\n","protected":false},"author":6,"featured_media":0,"parent":129,"menu_order":0,"comment_status":"closed","ping_status":"closed","template":"","meta":{"footnotes":""},"_links":{"self":[{"href":"https:\/\/santuariodeumbanda.com.br\/site\/wp-json\/wp\/v2\/pages\/151"}],"collection":[{"href":"https:\/\/santuariodeumbanda.com.br\/site\/wp-json\/wp\/v2\/pages"}],"about":[{"href":"https:\/\/santuariodeumbanda.com.br\/site\/wp-json\/wp\/v2\/types\/page"}],"author":[{"embeddable":true,"href":"https:\/\/santuariodeumbanda.com.br\/site\/wp-json\/wp\/v2\/users\/6"}],"replies":[{"embeddable":true,"href":"https:\/\/santuariodeumbanda.com.br\/site\/wp-json\/wp\/v2\/comments?post=151"}],"version-history":[{"count":14,"href":"https:\/\/santuariodeumbanda.com.br\/site\/wp-json\/wp\/v2\/pages\/151\/revisions"}],"predecessor-version":[{"id":1498,"href":"https:\/\/santuariodeumbanda.com.br\/site\/wp-json\/wp\/v2\/pages\/151\/revisions\/1498"}],"up":[{"embeddable":true,"href":"https:\/\/santuariodeumbanda.com.br\/site\/wp-json\/wp\/v2\/pages\/129"}],"wp:attachment":[{"href":"https:\/\/santuariodeumbanda.com.br\/site\/wp-json\/wp\/v2\/media?parent=151"}],"curies":[{"name":"wp","href":"https:\/\/api.w.org\/{rel}","templated":true}]}}