{"id":758,"date":"2018-10-06T18:09:45","date_gmt":"2018-10-06T21:09:45","guid":{"rendered":"http:\/\/santuariodeumbanda.com.br\/site\/?page_id=758"},"modified":"2022-02-03T11:55:40","modified_gmt":"2022-02-03T14:55:40","slug":"baba-dirce-p-fogo","status":"publish","type":"page","link":"https:\/\/santuariodeumbanda.com.br\/site\/baba-dirce-p-fogo\/","title":{"rendered":"Bab\u00e1 Dirce P. Fogo"},"content":{"rendered":"<p><img loading=\"lazy\" decoding=\"async\" class=\"alignleft wp-image-767 size-medium\" src=\"https:\/\/santuariodeumbanda.com.br\/site\/wp-content\/uploads\/2018\/10\/900X900-BABA-DIRCE-FOGO-2-300x300.png\" alt=\"\" width=\"300\" height=\"300\" srcset=\"https:\/\/santuariodeumbanda.com.br\/site\/wp-content\/uploads\/2018\/10\/900X900-BABA-DIRCE-FOGO-2-300x300.png 300w, https:\/\/santuariodeumbanda.com.br\/site\/wp-content\/uploads\/2018\/10\/900X900-BABA-DIRCE-FOGO-2-100x100.png 100w, https:\/\/santuariodeumbanda.com.br\/site\/wp-content\/uploads\/2018\/10\/900X900-BABA-DIRCE-FOGO-2-600x600.png 600w, https:\/\/santuariodeumbanda.com.br\/site\/wp-content\/uploads\/2018\/10\/900X900-BABA-DIRCE-FOGO-2-150x150.png 150w, https:\/\/santuariodeumbanda.com.br\/site\/wp-content\/uploads\/2018\/10\/900X900-BABA-DIRCE-FOGO-2-768x768.png 768w, https:\/\/santuariodeumbanda.com.br\/site\/wp-content\/uploads\/2018\/10\/900X900-BABA-DIRCE-FOGO-2-500x500.png 500w, https:\/\/santuariodeumbanda.com.br\/site\/wp-content\/uploads\/2018\/10\/900X900-BABA-DIRCE-FOGO-2-400x400.png 400w, https:\/\/santuariodeumbanda.com.br\/site\/wp-content\/uploads\/2018\/10\/900X900-BABA-DIRCE-FOGO-2.png 900w\" sizes=\"(max-width: 300px) 100vw, 300px\" \/>Dirce P. Fogo \u00e9 uma mulher de fibra, pois carrega a for\u00e7a de Oxossi e possui um cora\u00e7\u00e3o gigante, digno da mam\u00e3e Iemanj\u00e1, dona de sua Coroa. M\u00e3e de dois filhos e av\u00f3 de tr\u00eas netos \u00e9 uma empres\u00e1ria aposentada.<\/p>\n<p>Bab\u00e1 Dirce, como \u00e9 carinhosamente chamada por seus filhos de f\u00e9 \u00e9 a Diretora Espiritual da <a href=\"http:\/\/santuariodeumbanda.com.br\/site\/santuario-nacional-da-umbanda\/casa-de-pai-benedito-de-aruanda\/\" target=\"_blank\" rel=\"noopener\">Casa de Pai Benedito de Aruanda<\/a>, templo sede da <a href=\"http:\/\/santuariodeumbanda.com.br\/site\/santuario-nacional-da-umbanda\/federacao-umbandista-do-grande-abc-fugabc\/\" target=\"_blank\" rel=\"noopener\">Federa\u00e7\u00e3o Umbandista do Grande ABC &#8211; FUGABC<\/a>.<\/p>\n<p>Uma das alunas mais antigas dos Cursos de Forma\u00e7\u00e3o Sacerdotal promovido por <a href=\"http:\/\/santuariodeumbanda.com.br\/site\/santuario-nacional-da-umbanda\/federacao-umbandista-do-grande-abc-fugabc\/babalao-ronaldo-linares\/\" target=\"_blank\" rel=\"noopener\">Pai Ronaldo Linares<\/a>, se mant\u00e9m h\u00e1 mais de 40 anos como seu bra\u00e7o direito, tendo recebido dele a miss\u00e3o de cuidar dos trabalhos espirituais da Casa de Pai Benedito.<\/p>\n<p>\u00c9 tamb\u00e9m uma das guardi\u00e3s do <a href=\"http:\/\/santuariodeumbanda.com.br\/site\/santuario-nacional-da-umbanda\/historia\/\" target=\"_blank\" rel=\"noopener\">Santu\u00e1rio Nacional da Umbanda<\/a> e conduz, ao lado do Pai Ronaldo, os Cursos de Forma\u00e7\u00e3o Sacerdotal, promovidos pela FUGABC.\u00a0 Com sua natureza generosa e acolhedora, Bab\u00e1 Dirce conduz e coordena os atendimentos na <a href=\"http:\/\/santuariodeumbanda.com.br\/site\/santuario-nacional-da-umbanda\/casa-de-pai-benedito-de-aruanda\/\">Casa de Pai Benedito de Aruanda<\/a> tr\u00eas vezes por semana.<\/p>\n<p>&nbsp;<\/p>\n","protected":false},"excerpt":{"rendered":"<p>Dirce P. Fogo \u00e9 uma mulher de fibra, pois carrega a for\u00e7a de Oxossi e possui um cora\u00e7\u00e3o gigante, digno da mam\u00e3e Iemanj\u00e1, dona de sua Coroa. M\u00e3e de dois filhos e av\u00f3 de tr\u00eas netos \u00e9 uma empres\u00e1ria aposentada. Bab\u00e1 Dirce, como \u00e9 carinhosamente chamada por seus filhos de f\u00e9 \u00e9 a Diretora Espiritual [&hellip;]<\/p>\n","protected":false},"author":6,"featured_media":0,"parent":0,"menu_order":0,"comment_status":"closed","ping_status":"closed","template":"","meta":{"footnotes":""},"_links":{"self":[{"href":"https:\/\/santuariodeumbanda.com.br\/site\/wp-json\/wp\/v2\/pages\/758"}],"collection":[{"href":"https:\/\/santuariodeumbanda.com.br\/site\/wp-json\/wp\/v2\/pages"}],"about":[{"href":"https:\/\/santuariodeumbanda.com.br\/site\/wp-json\/wp\/v2\/types\/page"}],"author":[{"embeddable":true,"href":"https:\/\/santuariodeumbanda.com.br\/site\/wp-json\/wp\/v2\/users\/6"}],"replies":[{"embeddable":true,"href":"https:\/\/santuariodeumbanda.com.br\/site\/wp-json\/wp\/v2\/comments?post=758"}],"version-history":[{"count":12,"href":"https:\/\/santuariodeumbanda.com.br\/site\/wp-json\/wp\/v2\/pages\/758\/revisions"}],"predecessor-version":[{"id":3322,"href":"https:\/\/santuariodeumbanda.com.br\/site\/wp-json\/wp\/v2\/pages\/758\/revisions\/3322"}],"wp:attachment":[{"href":"https:\/\/santuariodeumbanda.com.br\/site\/wp-json\/wp\/v2\/media?parent=758"}],"curies":[{"name":"wp","href":"https:\/\/api.w.org\/{rel}","templated":true}]}}

Babá Dirce P. Fogo

<p><img loading="lazy" decoding="async" class="alignleft wp-image-767 size-medium" src="https://santuariodeumbanda.com.br/site/wp-content/uploads/2018/10/900X900-BABA-DIRCE-FOGO-2-300x300.png" alt="" width="300" height="300" srcset="https://santuariodeumbanda.com.br/site/wp-content/uploads/2018/10/900X900-BABA-DIRCE-FOGO-2-300x300.png 300w, https://santuariodeumbanda.com.br/site/wp-content/uploads/2018/10/900X900-BABA-DIRCE-FOGO-2-100x100.png 100w, https://santuariodeumbanda.com.br/site/wp-content/uploads/2018/10/900X900-BABA-DIRCE-FOGO-2-600x600.png 600w, https://santuariodeumbanda.com.br/site/wp-content/uploads/2018/10/900X900-BABA-DIRCE-FOGO-2-150x150.png 150w, https://santuariodeumbanda.com.br/site/wp-content/uploads/2018/10/900X900-BABA-DIRCE-FOGO-2-768x768.png 768w, https://santuariodeumbanda.com.br/site/wp-content/uploads/2018/10/900X900-BABA-DIRCE-FOGO-2-500x500.png 500w, https://santuariodeumbanda.com.br/site/wp-content/uploads/2018/10/900X900-BABA-DIRCE-FOGO-2-400x400.png 400w, https://santuariodeumbanda.com.br/site/wp-content/uploads/2018/10/900X900-BABA-DIRCE-FOGO-2.png 900w" sizes="(max-width: 300px) 100vw, 300px" />Dirce P. Fogo é uma mulher de fibra, pois carrega a força de Oxossi e possui um coração gigante, digno da mamãe Iemanjá, dona de sua Coroa. Mãe de dois filhos e avó de três netos é uma empresária aposentada.</p>
<p>Babá Dirce, como é carinhosamente chamada por seus filhos de fé é a Diretora Espiritual da <a href="http://santuariodeumbanda.com.br/site/santuario-nacional-da-umbanda/casa-de-pai-benedito-de-aruanda/" target="_blank" rel="noopener">Casa de Pai Benedito de Aruanda</a>, templo sede da <a href="http://santuariodeumbanda.com.br/site/santuario-nacional-da-umbanda/federacao-umbandista-do-grande-abc-fugabc/" target="_blank" rel="noopener">Federação Umbandista do Grande ABC &#8211; FUGABC</a>.</p>
<p>Uma das alunas mais antigas dos Cursos de Formação Sacerdotal promovido por <a href="http://santuariodeumbanda.com.br/site/santuario-nacional-da-umbanda/federacao-umbandista-do-grande-abc-fugabc/babalao-ronaldo-linares/" target="_blank" rel="noopener">Pai Ronaldo Linares</a>, se mantém há mais de 40 anos como seu braço direito, tendo recebido dele a missão de cuidar dos trabalhos espirituais da Casa de Pai Benedito.</p>
<p>É também uma das guardiãs do <a href="http://santuariodeumbanda.com.br/site/santuario-nacional-da-umbanda/historia/" target="_blank" rel="noopener">Santuário Nacional da Umbanda</a> e conduz, ao lado do Pai Ronaldo, os Cursos de Formação Sacerdotal, promovidos pela FUGABC.  Com sua natureza generosa e acolhedora, Babá Dirce conduz e coordena os atendimentos na <a href="http://santuariodeumbanda.com.br/site/santuario-nacional-da-umbanda/casa-de-pai-benedito-de-aruanda/">Casa de Pai Benedito de Aruanda</a> três vezes por semana.</p>
<p>&nbsp;</p>

<p>Dirce P. Fogo é uma mulher de fibra, pois carrega a força de Oxossi e possui um coração gigante, digno da mamãe Iemanjá, dona de sua Coroa. Mãe de dois filhos e avó de três netos é uma empresária aposentada. Babá Dirce, como é carinhosamente chamada por seus filhos de fé é a Diretora Espiritual [&hellip;]</p>
